8 and 2413692?
54
Calculate the greatest common factor of 52780554 and 144.
18
What is the highest common factor of 10 and 17121?
1
Calculate the highest common divisor of 61990 and 185.
5
Calculate the highest common divisor of 1279365 and 24.
3
Calculate the greatest common divisor of 11684 and 416029267.
2921
What is the greatest common divisor of 36283 and 1300?
13
What is the highest common factor of 986 and 23722?
58
Calculate the highest common factor of 6339441 and 9.
3
Calculate the greatest common divisor of 43802999 and 969.
323
Calculate the highest common divisor of 1032 and 13441542.
258
What is the greatest common factor of 11376 and 169564968?
5688
Calculate the greatest common divisor of 12 and 140615.
1
Calculate the highest common divisor of 25 and 1017645.
5
What is the greatest common divisor of 102422 and 65902?
166
Calculate the greatest common factor of 559800 and 224853.
933
What is the greatest common divisor of 346360 and 21000?
280
What is the highest common divisor of 68740261 and 23?
23
What is the greatest common factor of 38185686 and 165?
33
Calculate the highest common divisor of 3130250 and 7315.
95
Calculate the greatest common divisor of 37825 and 60164.
89
Calculate the greatest common divisor of 1058954 and 247.
13
Calculate the greatest common factor of 162 and 31813686.
18
What is the highest common divisor of 2514216 and 65592?
24
What is the greatest common divisor of 1175 and 638777?
47
What is the highest common divisor of 23565969 and 336?
21
Calculate the highest common divisor of 6388 and 48641426.
3194
What is the highest common divisor of 7831730 and 17595?
1955
What is the greatest common factor of 339183865 and 155?
155
Calculate the greatest common factor of 8833 and 5829050.
73
Calculate the highest common divisor of 798252 and 175182.
1806
Calculate the greatest common factor of 30 and 154647380.
10
Calculate the highest common divisor of 17287 and 159123.
59
What is the greatest common factor of 56203 and 2884705?
1147
Calculate the greatest common divisor of 2882 and 3275786.
262
Calculate the highest common factor of 1252 and 54893314.
626
Calculate the highest common divisor of 75 and 115882975.
25
What is the greatest common divisor of 122 and 28856782?
122
What is the highest common factor of 5515650 and 9975?
525
Calculate the highest common factor of 13132438 and 22.
22
What is the highest common factor of 532875 and 600?
75
What is the highest common factor of 10728 and 925381188?
5364
Calculate the greatest common divisor of 415492 and 1254.
418
What is the highest common divisor of 3035 and 32605?
5
What is the highest common divisor of 6792 and 4190712?
24
Calculate the greatest common factor of 40 and 93055.
5
Calculate the greatest common factor of 5858 and 903756.
58
Calculate the greatest common factor of 482410035 and 19260.
4815
Calculate the highest common factor of 1917117 and 2096613.
2493
Calculate the highest common divisor of 1658060974 and 149.
149
Calculate the highest common divisor of 91778962 and 286.
22
Calculate the greatest common factor of 122451170 and 2890.
170
Calculate the highest common divisor of 1541 and 1702.
23
What is the highest common factor of 16334750 and 20?
10
Calculate the greatest common factor of 4499825 and 106975.
275
Calculate the greatest common divisor of 174618 and 90252.
1962
Calculate the highest common factor of 108605 and 6293.
203
Calculate the greatest common factor of 777 and 496881.
21
What is the greatest common divisor of 6480683 and 18556?
4639
What is the greatest common factor of 1687229 and 53696?
839
Calculate the greatest common factor of 23381360 and 60.
20
Calculate the highest common divisor of 5499466 and 5194.
98
Calculate the greatest common factor of 11176 and 6180607400.
11176
What is the greatest common divisor of 68 and 2247152854?
34
What is the greatest common divisor of 32065104 and 1752?
1752
What is the greatest common factor of 18088 and 2800182?
266
Calculate the greatest common divisor of 2958 and 2682549.
51
What is the greatest common factor of 34 and 8731897?
17
Calculate the greatest common divisor of 204792 and 3704541.
3657
Calculate the highest common divisor of 3430 and 394730.
70
Calculate the highest common divisor of 84676560 and 24.
24
Calculate the highest common factor of 884 and 3922444.
68
Calculate the highest common factor of 67382 and 1689363.
4813
Calculate the highest common divisor of 15895 and 478720.
935
What is the greatest common factor of 11323 and 293527?
871
What is the highest common factor of 112 and 319720944?
16
Calculate the greatest common factor of 2631 and 1370751.
2631
Calculate the greatest common divisor of 14259 and 2813097.
2037
Calculate the highest common factor of 2157099 and 5015.
59
Calculate the greatest common divisor of 4 and 3165919.
1
Calculate the greatest common divisor of 13265790 and 30.
30
Calculate the greatest common divisor of 21423 and 232878.
111
Calculate the highest common factor of 10 and 197555.
5
What is the highest common factor of 2906901 and 115?
23
What is the highest common divisor of 51171 and 44256?
1383
Calculate the greatest common factor of 232 and 5995112.
232
What is the greatest common factor of 4871010 and 765?
255
What is the highest common factor of 44204831 and 548?
137
Calculate the greatest common divisor of 66913 and 2252173.
847
Calculate the highest common divisor of 84 and 18372336.
12
Calculate the greatest common divisor of 125 and 870115100.
25
What is the greatest common factor of 37145 and 984215?
85
Calculate the greatest common factor of 496048 and 854.
14
What is the highest common factor of 307101240 and 16?
8
Calculate the highest common divisor of 429 and 4930739.
11
What is the greatest common factor of 4132 and 123976528?
4132
What is the highest common factor of 2065856 and 20800?
832
What is the greatest common factor of 155 and 103075992?
31
Calculate the highest common factor of 182764271 and 1337.
191
Calculate the highest common factor of 1662 and 229551285.
831
Calculate the greatest common factor of 118437 and 1243903.
37
Calculate the greatest common divisor of 124 and 421652.
4
What is the greatest common factor of 571 and 2183?
1
Calculate the greatest common divisor of 3984077 and 681.
227
Calculate the greatest common factor of 8892835 and 1955.
115
What is the highest common factor of 14848 and 62048?
32
Calculate the highest common factor of 100768 and 82344.
376
Calculate the highest common divisor of 3283 and 28073.
67
Calculate the highest common factor of 8636 and 80373093.
2159
Calculate the highest common factor of 300 and 45094650.
150
What is the greatest common factor of 24080120 and 8200?
1640
Calculate the greatest common divisor of 94128 and 19769.
53
What is the highest common factor of 13747 and 23533?
233
Calculate the highest common divisor of 366206 and 1236710.
874
What is the greatest common factor of 50947818 and 10788?
186
Calculate the highest common divisor of 189 and 49113918.
189
What is the highest common divisor of 326462 and 167555?
1081
Calculate the greatest common factor of 61170934 and 125706.
5986
What is the greatest common divisor of 15518006 and 34300?
686
Calculate the greatest common factor of 2036295 and 106560.
1665
What is the greatest common divisor of 9851593 and 479?
479
Calculate the highest common divisor of 30 and 3315990.
30
Calculate the greatest common divisor of 88463980 and 165.
55
Calculate the highest common divisor of 423 and 90688897.
47
Calculate the greatest common factor of 158905 and 1404095.
2605
What is the highest common factor of 11747 and 10183?
17
Calculate the greatest common divisor of 611543977 and 158.
79
Calculate the greatest common factor of 51300 and 47538.
342
What is the greatest common factor of 30257082 and 304?
38
What is the greatest common divisor of 57 and 292811147?
19
What is the highest common factor of 43957808 and 24?
8
What is the greatest common divisor of 35326464 and 3?
3
What is the greatest common factor of 52 and 23880519?
13
What is the highest common divisor of 5504 and 3871320960?
5504
Calculate the greatest common factor of 89375 and 7865.
715
Calculate the highest common divisor of